{"id":494,"date":"2024-06-13T17:07:34","date_gmt":"2024-06-13T15:07:34","guid":{"rendered":"https:\/\/dev.osfs.world\/trattamento-dei-dati-personali\/"},"modified":"2024-06-13T17:07:34","modified_gmt":"2024-06-13T15:07:34","slug":"trattamento-dei-dati-personali","status":"publish","type":"page","link":"https:\/\/osfs.world\/it\/trattamento-dei-dati-personali\/","title":{"rendered":"Trattamento dei dati personali"},"content":{"rendered":"\n<p>Il compito dell&#8217;elaborazione dei dati nel settore ecclesiastico \u00e8 quello di promuovere le attivit\u00e0 delle istituzioni della nostra provincia. \u00c8 necessario garantire la tutela dei diritti personali dell&#8217;individuo attraverso il trattamento dei suoi dati personali. Sulla base del diritto della Chiesa cattolica di regolare i propri affari, l&#8217;Ordinanza sulla protezione dei dati ecclesiastici nella versione dell&#8217;8 maggio 2012 \u00e8 promulgata per la giurisdizione degli Oblati di San Francesco di Sales in Germania. <\/p>\n\n<h2 class=\"wp-block-heading\">Informativa sulla privacy per l&#8217;utilizzo di Google Analytics<\/h2>\n\n<p>Questo sito web utilizza Google Analytics, un servizio di analisi web fornito da Google Inc (&#8220;Google&#8221;). Google Analytics utilizza i cosiddetti &#8220;cookie&#8221;, file di testo che vengono depositati sul vostro computer per consentire al sito web di analizzare come gli utenti utilizzano il sito. Le informazioni generate dal cookie sull&#8217;utilizzo di questo sito web da parte dell&#8217;utente vengono solitamente trasmesse a un server di Google negli Stati Uniti e l\u00ec memorizzate.<\/p>\n\n<p>Tuttavia, se su questo sito web \u00e8 attivata l&#8217;anonimizzazione dell&#8217;IP, il vostro indirizzo IP sar\u00e0 preventivamente abbreviato da Google all&#8217;interno degli Stati membri dell&#8217;Unione Europea o in altri Stati contraenti dell&#8217;Accordo sullo Spazio Economico Europeo. Solo in casi eccezionali l&#8217;indirizzo IP completo viene trasmesso a un server di Google negli Stati Uniti e l\u00ec abbreviato. Per conto del gestore di questo sito web, Google utilizzer\u00e0 queste informazioni per valutare l&#8217;utilizzo del sito web da parte dell&#8217;utente, per redigere rapporti sulle attivit\u00e0 del sito web e per fornire altri servizi relativi alle attivit\u00e0 del sito web e all&#8217;utilizzo di Internet al gestore del sito webL&#8217;indirizzo IP trasmesso dal vostro browser nell&#8217;ambito di Google Analytics non verr\u00e0 unito ad altri dati di Google.<\/p>\n\n<p>L&#8217;utente pu\u00f2 rifiutare l&#8217;uso dei cookie selezionando l&#8217;impostazione appropriata sul proprio browser, ma si prega di notare che in tal caso potrebbe non essere in grado di utilizzare tutte le funzionalit\u00e0 di questo sito web. Potete inoltre impedire a Google di raccogliere i dati generati dal cookie e relativi al vostro utilizzo del sito web (compreso il vostro indirizzo IP) e di elaborarli da parte di Google scaricando e installando il plug-in del browser disponibile al seguente link <a href=\"http:\/\/tools.google.com\/dlpage\/gaoptout?hl=de\" target=\"_blank\" rel=\"noreferrer noopener\">http:\/\/tools.google.com\/dlpage\/gaoptout?hl=de<\/a>.<\/p>\n\n<h2 class=\"wp-block-heading\">Il responsabile della protezione dei dati per la giurisdizione degli Oblati di San Francesco di Sales in Germania \u00e8: <\/h2>\n\n<p><strong>Jupp Joachimski<\/strong><br\/>(Responsabile diocesano della protezione dei dati)<br\/>Rochusstra\u00dfe 5<br\/>80333 Monaco di Baviera<br\/>telefono: 0173 8467227 (ogni marted\u00ec dalle 14:00 alle 17:00)<br\/>E-Mail: <a href=\"mailto:joachimski@orden.de\" target=\"_blank\" rel=\"noreferrer noopener\">joachimski@orden.de<\/a><\/p>\n\n<p><strong>P. Sebastian Leitner<\/strong><br\/>(Responsabile della protezione dei dati aziendali)<br\/>Telefono: 0043 1 320 66 97<br\/>E-Mail: <a href=\"mailto:leitner@osfs.eu\" target=\"_blank\" rel=\"noreferrer noopener\">leitner@osfs.eu<\/a><\/p>\n\n<h2 class=\"wp-block-heading\">Validit\u00e0 legale della presente clausola di esclusione della responsabilit\u00e0<\/h2>\n\n<p>La presente clausola di esclusione della responsabilit\u00e0 deve essere considerata come parte integrante del sito web dal quale siete stati indirizzati a questa pagina.<\/p>\n\n<p>Qualora singole disposizioni delle presenti condizioni d&#8217;uso e della clausola di esclusione della responsabilit\u00e0 siano o diventino invalide o nulle, ci\u00f2 non pregiudica la validit\u00e0 delle restanti disposizioni del presente regolamento.<\/p>\n","protected":false},"excerpt":{"rendered":"<p>Il compito dell&#8217;elaborazione dei dati nel settore ecclesiastico \u00e8 quello di promuovere le attivit\u00e0 delle istituzioni della nostra provincia. \u00c8 necessario garantire la tutela dei diritti personali dell&#8217;individuo attraverso il trattamento dei suoi dati personali. Sulla base del diritto della Chiesa cattolica di regolare i propri affari, l&#8217;Ordinanza sulla protezione dei dati ecclesiastici nella versione [&hellip;]<\/p>\n","protected":false},"author":1,"featured_media":0,"parent":0,"menu_order":0,"comment_status":"closed","ping_status":"closed","template":"","meta":{"_acf_changed":false,"footnotes":""},"class_list":["post-494","page","type-page","status-publish","hentry"],"acf":[],"_links":{"self":[{"href":"https:\/\/osfs.world\/it\/wp-json\/wp\/v2\/pages\/494","targetHints":{"allow":["GET"]}}],"collection":[{"href":"https:\/\/osfs.world\/it\/wp-json\/wp\/v2\/pages"}],"about":[{"href":"https:\/\/osfs.world\/it\/wp-json\/wp\/v2\/types\/page"}],"author":[{"embeddable":true,"href":"https:\/\/osfs.world\/it\/wp-json\/wp\/v2\/users\/1"}],"replies":[{"embeddable":true,"href":"https:\/\/osfs.world\/it\/wp-json\/wp\/v2\/comments?post=494"}],"version-history":[{"count":1,"href":"https:\/\/osfs.world\/it\/wp-json\/wp\/v2\/pages\/494\/revisions"}],"predecessor-version":[{"id":495,"href":"https:\/\/osfs.world\/it\/wp-json\/wp\/v2\/pages\/494\/revisions\/495"}],"wp:attachment":[{"href":"https:\/\/osfs.world\/it\/wp-json\/wp\/v2\/media?parent=494"}],"curies":[{"name":"wp","href":"https:\/\/api.w.org\/{rel}","templated":true}]}}

<p>Il compito dell&#8217;elaborazione dei dati nel settore ecclesiastico è quello di promuovere le attività delle istituzioni della nostra provincia. È necessario garantire la tutela dei diritti personali dell&#8217;individuo attraverso il trattamento dei suoi dati personali. Sulla base del diritto della Chiesa cattolica di regolare i propri affari, l&#8217;Ordinanza sulla protezione dei dati ecclesiastici nella versione dell&#8217;8 maggio 2012 è promulgata per la giurisdizione degli Oblati di San Francesco di Sales in Germania. </p>

<h2 class="wp-block-heading">Informativa sulla privacy per l&#8217;utilizzo di Google Analytics</h2>

<p>Questo sito web utilizza Google Analytics, un servizio di analisi web fornito da Google Inc (&#8220;Google&#8221;). Google Analytics utilizza i cosiddetti &#8220;cookie&#8221;, file di testo che vengono depositati sul vostro computer per consentire al sito web di analizzare come gli utenti utilizzano il sito. Le informazioni generate dal cookie sull&#8217;utilizzo di questo sito web da parte dell&#8217;utente vengono solitamente trasmesse a un server di Google negli Stati Uniti e lì memorizzate.</p>

<p>Tuttavia, se su questo sito web è attivata l&#8217;anonimizzazione dell&#8217;IP, il vostro indirizzo IP sarà preventivamente abbreviato da Google all&#8217;interno degli Stati membri dell&#8217;Unione Europea o in altri Stati contraenti dell&#8217;Accordo sullo Spazio Economico Europeo. Solo in casi eccezionali l&#8217;indirizzo IP completo viene trasmesso a un server di Google negli Stati Uniti e lì abbreviato. Per conto del gestore di questo sito web, Google utilizzerà queste informazioni per valutare l&#8217;utilizzo del sito web da parte dell&#8217;utente, per redigere rapporti sulle attività del sito web e per fornire altri servizi relativi alle attività del sito web e all&#8217;utilizzo di Internet al gestore del sito webL&#8217;indirizzo IP trasmesso dal vostro browser nell&#8217;ambito di Google Analytics non verrà unito ad altri dati di Google.</p>

<p>L&#8217;utente può rifiutare l&#8217;uso dei cookie selezionando l&#8217;impostazione appropriata sul proprio browser, ma si prega di notare che in tal caso potrebbe non essere in grado di utilizzare tutte le funzionalità di questo sito web. Potete inoltre impedire a Google di raccogliere i dati generati dal cookie e relativi al vostro utilizzo del sito web (compreso il vostro indirizzo IP) e di elaborarli da parte di Google scaricando e installando il plug-in del browser disponibile al seguente link <a href="http://tools.google.com/dlpage/gaoptout?hl=de" target="_blank" rel="noreferrer noopener">http://tools.google.com/dlpage/gaoptout?hl=de</a>.</p>

<h2 class="wp-block-heading">Il responsabile della protezione dei dati per la giurisdizione degli Oblati di San Francesco di Sales in Germania è: </h2>

<p><strong>Jupp Joachimski</strong><br/>(Responsabile diocesano della protezione dei dati)<br/>Rochusstraße 5<br/>80333 Monaco di Baviera<br/>telefono: 0173 8467227 (ogni martedì dalle 14:00 alle 17:00)<br/>E-Mail: <a href="mailto:joachimski@orden.de" target="_blank" rel="noreferrer noopener">joachimski@orden.de</a></p>

<p><strong>P. Sebastian Leitner</strong><br/>(Responsabile della protezione dei dati aziendali)<br/>Telefono: 0043 1 320 66 97<br/>E-Mail: <a href="mailto:leitner@osfs.eu" target="_blank" rel="noreferrer noopener">leitner@osfs.eu</a></p>

<h2 class="wp-block-heading">Validità legale della presente clausola di esclusione della responsabilità</h2>

<p>La presente clausola di esclusione della responsabilità deve essere considerata come parte integrante del sito web dal quale siete stati indirizzati a questa pagina.</p>

<p>Qualora singole disposizioni delle presenti condizioni d&#8217;uso e della clausola di esclusione della responsabilità siano o diventino invalide o nulle, ciò non pregiudica la validità delle restanti disposizioni del presente regolamento.</p>

<p>Il compito dell&#8217;elaborazione dei dati nel settore ecclesiastico è quello di promuovere le attività delle istituzioni della nostra provincia. È necessario garantire la tutela dei diritti personali dell&#8217;individuo attraverso il trattamento dei suoi dati personali. Sulla base del diritto della Chiesa cattolica di regolare i propri affari, l&#8217;Ordinanza sulla protezione dei dati ecclesiastici nella versione [&hellip;]</p>
